lse
Let f be (-43)/((-2)/(6/3)). Let v = -6 + f. Is v composite?
False
Suppose 3*l + 5*q - 3*q - 56 = 0, 25 = -5*q. Is l prime?
False
Let a(p) = -18*p + 28. Is a(-15) a composite number?
True
Let r(o) = 3*o**2 + 4*o - 13. Is r(6) a prime number?
False
Suppose 0 = 6*j - 3*j - 4*m + 10, 2*j - 5*m + 16 = 0. Suppose -220 = -3*w - 2*s, j*s = -5*w + s + 369. Is w a prime number?
False
Let r(w) = 22*w**2 + w - 12. Is r(5) a prime number?
False
Let b = -88 + 459. Is b a prime number?
False
Suppose y - 253 - 1156 = 0. Is y a composite number?
False
Suppose -11*v + 3 = -8*v. Suppose -4*w = -7 - 5. Suppose -29 = -w*a + v. Is a a composite number?
True
Let d(c) = 2*c**2 + 8*c + 3. Is d(-11) prime?
True
Is (-1*7)/(5/(-65)) prime?
False
Suppose 2*n - 3*t + 0*t = 21, -15 = -n - 3*t. Let o = 3 - 0. Let r = n - o. Is r a composite number?
True
Let j(o) = o**3 - 5*o**2 + 4*o. Let w be j(4). Suppose w*y + 105 = 3*y. Is y prime?
False
Suppose 2 = -2*o, 0 = -0*j + j + 5*o + 2. Let n(g) be the second derivative of g**5/20 + g**4/12 + g**3/2 + g**2 - g. Is n(j) a prime number?
True
Let r be -1 + (-9)/6*-2. Let x be r/8*20/5. Is (-2)/(0 + x/(-2)) composite?
True
Let q(w) = 30*w**2 + 7*w + 8. Let o(b) = 29*b**2 + 7*b + 7. Let j(f) = 7*o(f) - 6*q(f). Is j(6) composite?
True
Suppose -j + 5 = 0, 3*w + 4*j - 29 = 3*j. Let o be (-2 + w)/(-3) + 5. Suppose 0 = -o*b + 11 + 100. Is b a prime number?
True
Let w(n) = 74*n + 1. Let c be w(2). Suppose -a = -3*s - c + 427, 0 = 4*s + a - 359. Suppose 0 = 5*u - s - 14. Is u a prime number?
False
Suppose 4*v - v = -2*q + 7743, -5*q = -v + 2564. Is v prime?
True
Let h = 11 + -8. Suppose 0 = -3*t + q + 16, 2*q - h*q - 12 = -2*t. Suppose 27 = t*s - s. Is s a composite number?
True
Let q = 1513 + -904. Let n(r) = -r**3 + 7*r**2 - 6*r + 4. Let o be n(6). Suppose -q = -o*d + d. Is d a prime number?
False
Suppose -2*c + 1 = -11. Let s = c - 3. Is 34 + s/3*-1 composite?
True
Suppose -2*h + 1088 = -h. Let g = h + -612. Suppose 2*m + g = 6*m. Is m a prime number?
False
Suppose -2*c + 0*c - 36 = -5*b, -4*c = -b. Suppose 79 = i + b. Is i a prime number?
True
Let c(x) = -2*x + 2*x - 4*x + x**3 + 6*x**2 - 9. Suppose j - 16 = 3*o, -14 = o + 2*j + 2*j. Is c(o) a prime number?
False
Suppose 14 = 4*v - 3*v. Suppose -5*f = 4 - v. Suppose c - 2 + 8 = 3*q, 0 = f*c. Is q a prime number?
True
Let u(o) = -4*o - 2. Let g be u(-10). Suppose -4*c = k + 29, 0 = c - 4*c - 9. Let d = k + g. Is d composite?
True
Suppose -5*v + 1167 = -1518. Suppose w - j = 177, -j = -0*w - 3*w + v. Suppose 0 = 5*h - 3*l - w, -h = 5*l - 12 + 4. Is h a prime number?
False
Suppose -42 = -2*f + 2*n, 3*n - 21 = -4*f + 35. Let s = f + -10. Is s composite?
False
Suppose 0 = -7*m + 12*m - 4105. Is m a composite number?
False
Let t(w) = -w**3 - 3*w**2 + 11*w + 5. Let y be t(-7). Suppose 0 = 2*o - y - 174. Is o a prime number?
True
Let r = -51 + 27. Let b be r/15*(-10)/4. Suppose b*w - 44 = 2*w. Is w a prime number?
False
Let n(y) = -85*y + 3. Let m(b) = 1955*b - 68. Let i(j) = 3*m(j) + 68*n(j). Is i(1) prime?
False
Suppose 0 = -i + 5 - 3. Let q(a) = -a - 1. Let k be q(-4). Suppose 0 = -i*r + 2*v + 102, 4*r = r - k*v + 141. Is r a prime number?
False
Suppose 4*r = -3*u + 5*r + 103, 3*u + 2*r - 91 = 0. Is u prime?
False
Is 2/((-1292)/647 + 2) composite?
False
Let x = 0 - -14. Is x a composite number?
True
Let r(u) = -6*u**3 - 2*u**2 - u - 4. Is r(-3) a prime number?
False
Let s be (8/5)/(14/1295). Let r = s + -53. Is r a composite number?
True
Let t(v) be the second derivative of -v**5/20 - v**4/2 + 5*v**3/6 - 5*v**2 + 3*v. Let c be t(-7). Suppose 110 = -2*k + c*k. Is k prime?
False
Let w(q) = -q**3 + 6*q**2 + 6*q - 11. Let n be w(7). Let h = 61 + n. Is h a prime number?
True
Suppose 2 - 26 = 4*h. Let o = 11 + h. Suppose 2*g = 4*g - o*i - 50, -4*i - 19 = -g. Is g prime?
False
Let n = -2 - -3. Let x be n*(-2)/(6/9). Is (-67)/x - (-10)/15 composite?
False
Is 105434/85 + 3/5 a prime number?
False
Suppose 2*v = -3*v + 555. Is v a prime number?
False
Let t(s) = 15*s - 4. Let y be t(-2). Let g = 55 + y. Is g prime?
False
Suppose 0 = -5*f + 893 - 148. Is f prime?
True
Let t(l) = 9*l**2 + 21*l + 37. Is t(-12) composite?
True
Suppose -h = -6*h + 5195. Is h a composite number?
False
Let l be 2/4*(-1 + -69). Let w = -3 - l. Let y = w + -10. Is y composite?
True
Let u(b) = 13*b**2 - 4*b + 2. Let t = -8 + 10. Is u(t) a composite number?
True
Suppose 1401 = 4*y - y. Is y prime?
True
Let u(t) = -t**2 - 5*t - 3. Let m(k) = -2*k**2 - 15*k - 9. Let z(l) = 6*m(l) - 17*u(l). Is z(5) composite?
False
Let m = 68 - 28. Let x = 39 - 36. Suppose -2*k - 4*i = -m, i = -5*k + x*k + 49. Is k composite?
True
Suppose 0 = -j + 4*o + 20, 2*j = -2*j - 3*o - 15. Suppose -4*g - 5*b + 1861 = -j*g, -4*g - 2*b = -1870. Is g a composite number?
True
Suppose -3*r + l + 11 = 0, 2*r = -2*r + 5*l. Suppose -2*x - 3*x + 20 = -r*c, 5*x = 3*c + 10. Is (1 + -4)*x*1 a composite number?
False
Let a be (-6)/(-12)*(399 + -1). Let w = a - -172. Is w a composite number?
True
Let a = 25 + -16. Let b = -5 + a. Is (b - (0 - -3))*19 composite?
False
Suppose 4*z - y - 441 = 1154, -4*y = 4*z - 1580. Is z prime?
False
Let i(k) = 4*k**2 - 18*k + 1. Is i(11) composite?
True
Let c = 6 - 6. Let r(b) = b**2 + 367. Let x be r(c). Suppose 0 = -y - 2*f + 63, -y + 6*y - x = 3*f. Is y a composite number?
False
Suppose f = -100 + 471. Is f composite?
True
Suppose 5*q + 5*m = -220, -178 = -0*q + 4*q + 3*m. Let g = -7 - q. Is g prime?
False
Suppose 5*d = 3*z + 2*z - 15, 2*z + 5*d = 6. Let q = z + -1. Is 26 + q*(-2)/4 a prime number?
False
Let r = 13 + -62. Suppose 2*p + x - 5*x = -306, 5*p + 813 = -2*x. Is (-2)/7 + p/r composite?
False
Suppose 0 = 4*h + 5*c - 1938, -h - 4*c + 158 + 321 = 0. Is h composite?
False
Let f = -26 + 46. Let v be (-2)/(-7) + f/28. Let q = v - -12. Is q a composite number?
False
Let y(j) = -j**3 - 9*j**2 - 7*j - 8. Let o be y(-6). Let d = 489 - o. Is d composite?
False
Is (((-1616)/10)/(-4))/((-4)/(-20)) composite?
True
Let o be (30/2 - -3) + 0. Let q = 69 - o. Is q a prime number?
False
Suppose -5*p + 1050 = -1705. Is p composite?
True
Let s(a) = 3*a + 5*a**2 - 3 + 4 - 3*a**3 + 2 + 4*a**3. Is s(-4) a composite number?
False
Suppose 0 = f - 0*f. Suppose -p - 2*p - 4*m = -197, f = -p + m + 75. Is p a composite number?
False
Let l be 2/(4 - 6)*-1. Is (-2 + 97)*l/1 a composite number?
True
Suppose -3*a + 1095 = 342. Is a composite?
False
Suppose 11*i - 5*i = 348. Is i prime?
False
Let h(k) = -k**2 + k. Let g(i) = i**3 - 3*i**2 - 3*i - 3. Let f be g(4). Let r be h(f). Is 23 + r + -6 + 4 a prime number?
False
Suppose 4*h - 1271 = -4*k + 3057, h - k - 1080 = 0. Is h prime?
False
Let j = 8 + -6. Suppose -v - 89 = -j*v. Is v a prime number?
True
Suppose 0 = -2*o - 0*o + 1726. Is o composite?
False
Let c be (-388)/(-2) - 0/2. Suppose c = -0*n + 2*n. Is n a prime number?
True
Suppose 2*p - 82 = u + 3*u, 0 = -5*u + 3*p - 105. Let y = u + 49. Is y composite?
False
Suppose 0 = -2*r - r + 30. Suppose 5*c = 5 + r. Suppose 2*h = z - 133, -2*h - h - 396 = -c*z. Is z composite?
False
Let v = 11 - 21. Is ((-2)/(-4))/(v/(-300)) a prime number?
False
Suppose -6*s - 554 = -4340. Is s a composite number?
False
Let i(s) = -s**2 - 3*s - 1. Let b be i(4). Let a = b - -96. Is a a composite number?
False
Let n = -3 - -3. Suppose u - 36 = -n*u. Suppose 3*y - 73 = -2*a, -y + 5*a + u = y. Is y prime?
True
Let q be 44/(-7) + (-10)/(-35). Let o(v) = v + 8. Let d be o(q). Suppose -j - d*x = -5*j + 144, -4*x - 78 = -2*j. Is j prime?
False
Suppose -19 = -4*j + 61. Suppose j = -2*n + 3*n. Suppose f - n = -f. Is f prime?
False
Let u = 2367 - 1324. Is u prime?
False
Let j(n) = 4*n**2 + n. Suppose -2*r - 4 + 2 = 0. Let z be j(r). Suppose 5*o = k + 3*o - 103, 3*o + 300 = z*k. Is k prime?
True
Let z(s) = 150*s**2 + 6*s + 1. Is z(2) a composite number?
False
Let u(f) = -2*f - 4*f**2 - 2*f**3 - 1 - 5 + 2. Let c be u(-3). Suppose 5*i - 10 = c. Is i a prime number?
False
Is (3 + -2)*1 - -1650 composite?
True
Suppose h - 3*o + 882 = 4*h, h = 2*o + 291. Is h a prime number?
True
Let a be ((-8)/(-6))/((-2)/9). Let s(g) = -g**3 - 5*g**2 - 4*g - 6. Let k be s(a). Let m = -31 + k. Is m a composite number?
False
Suppose -i - 3*i + 12 = 0. Suppose 156 = i*f + f. Is f composite?
True
Suppos